Let q be (25 + 1)/2 - (5 + -3). What is the highest common divisor of q and 99?
11
Let n(j) = 5*j**3 - j**2 + 2*j - 1. Let u be 7/9 - 6/(-27). Let v be n(u). Calculate the greatest common factor of 1 and v.
1
Let f be (-6)/5*(-360)/(-27). Suppose -5*k - 5*a = -335, 0*k = 4*k + 3*a - 271. Let p = k + f. Calculate the greatest common factor of p and 6.
6
Let y = 37 + -31. Calculate the highest common divisor of y and 12.
6
Suppose 39 = -2*d + 5*d. What is the greatest common factor of d and 52?
13
Let q(j) be the first derivative of j**3/3 + j - 1. Let n be q(-2). Calculate the highest common divisor of 5 and n.
5
Let m = -98 + 226. Calculate the highest common divisor of 16 and m.
16
Let l = -20 - -38. Suppose 0 = w - 9. Calculate the highest common factor of l and w.
9
Let z be 4/(-14) - (-492)/7. What is the highest common divisor of z and 14?
14
Suppose 2*w - 3*h + 5 = 2*h, -h = 4*w - 1. Suppose w = 3*j - 9, -z + 17 = 5*j + 2. Suppose -3*n + 62 - 23 = z. What is the greatest common divisor of n and 117?
13
Let k(u) = u**2 - 8*u + 17. Let a be k(9). Calculate the greatest common divisor of a and 39.
13
Suppose 5*p + r + 65 = 472, 3*p - 5*r = 233. Let s(q) = -4*q - 3. Let g be s(-3). What is the greatest common factor of p and g?
9
Suppose -2*l - 48 = -6*l. Let h = 17 - 30. Let g = 119 - h. What is the greatest common divisor of l and g?
12
Suppose -16 = 4*q - 0*q. Let z be (-50)/q + (-1)/(-2). Suppose -2*a + 37 = -67. Calculate the greatest common factor of z and a.
13
Suppose -2*x - 5*b + 99 = 0, x + b - 4*b = 44. What is the highest common factor of 188 and x?
47
Suppose 633 = 4*h - 11. What is the greatest common divisor of 23 and h?
23
Let j = 127 - 49. Suppose -2*f + 4*b - 22 + j = 0, 2*f - 5*b = 52. Let z = f + -22. Calculate the greatest common factor of z and 70.
14
Suppose 2*t + 5*u - 3 = -2*t, 0 = -t - 5*u + 12. Let d = t - -4. What is the greatest common factor of 3 and d?
1
Let r(b) = 4*b - 7 + 2*b + 4*b - b**2. Suppose -l = -2*l + 7. Let q be r(l). Calculate the greatest common divisor of q and 112.
14
Suppose g - 4*i + 3 = 31, -5 = i. What is the greatest common factor of 80 and g?
8
Suppose 0 = -3*a + 3*r + 201, -4*a + 4*r + 196 = -a. Calculate the highest common factor of 8 and a.
8
Let h = -20 + 24. Let g be ((-12)/15)/(h/(-50)). Calculate the greatest common divisor of g and 5.
5
Suppose 5*j - 3*g = g + 7, -2*g - 8 = -4*j. Suppose -x + 10 + 32 = -4*p, j*x - 156 = -3*p. What is the highest common divisor of x and 20?
10
Let s = -22 + 57. Let l = s + -22. Calculate the greatest common divisor of l and 65.
13
Suppose 0 = 4*j - 3*k - 17 - 5, j - 3*k = 1. Suppose -h - 3*p = h - 22, h + j = 3*p. Calculate the greatest common divisor of 35 and h.
5
Suppose -5*j + 318 + 17 = 0. Let p be j*3/(-6)*-2. Suppose -p = 2*c - 227. What is the highest common factor of 16 and c?
16
Let d(x) = -47*x**3 + x**2 - x - 1. Let p be d(-1). Calculate the highest common divisor of p and 12.
12
Let z = 49 - 24. Calculate the greatest common factor of z and 25.
25
Let x = 17 - 12. Suppose 0 = -f - 2*f - l + 61, 105 = x*f + 5*l. What is the highest common divisor of 30 and f?
10
Let g be (5/(-10))/(2*(-3)/48). What is the highest common divisor of 36 and g?
4
Suppose 5*z - 21 = -0*z + 4*c, 0 = -3*z + 2*c + 11. Calculate the greatest common factor of 8 and z.
1
Let q(r) = -11*r - 2. Let y be q(-2). Let n = y - 6. What is the highest common factor of n and 70?
14
Let d(q) = 3*q - 10 - 3 + 0. Let s be d(6). What is the greatest common factor of 25 and s?
5
Let l be ((-22)/(-4))/(6/72). What is the highest common factor of 44 and l?
22
Suppose -5*g + 4*r - 114 = -774, 0 = -2*g - 3*r + 287. What is the highest common divisor of g and 17?
17
Let v be (-21)/1*(-2)/6. Suppose -5*o - 3*y = -117 - 8, 5*y + 165 = 5*o. Calculate the highest common divisor of o and v.
7
Suppose 2*c + 9 = -3. Let o = c - -4. Let b be (o/5)/(2/(-10)). Calculate the highest common divisor of 5 and b.
1
Suppose 3*b + 0 = -2*p + 17, -4*b - 3*p + 22 = 0. What is the highest common factor of 56 and b?
7
Let s(r) be the second derivative of -r**3/2 - r**2/2 + 3*r. Let q be s(-5). Let n be ((-11)/(-4))/((-4)/(-224)). What is the highest common factor of q and n?
14
Suppose o - 3 = 3. Calculate the highest common factor of 42 and o.
6
Suppose 17 = -v + 2*f + 1, 0 = 5*v - 3*f + 52. Let i be ((-12)/v + -2)*-4. What is the greatest common divisor of 4 and i?
2
Suppose 2*n + 2*n = 4. Suppose -n = f - 2. What is the highest common divisor of f and 5?
1
Suppose k = 21 - 15. Calculate the greatest common factor of k and 2.
2
Let n = 74 - 56. Calculate the highest common divisor of 90 and n.
18
Let l = 54 - 41. What is the highest common divisor of 1 and l?
1
Let t(j) = -2*j - 6. Let p be t(-13). Suppose p = 3*b + 5*k, -3*k + 8*k + 55 = 2*b. Calculate the highest common divisor of 120 and b.
15
Let r(j) = -17*j - 3. Suppose 4*c = -4*v - 36, 5*v - v - 4 = 4*c. Let a be r(v). Calculate the greatest common factor of 26 and a.
13
Let g = -109 - -229. What is the highest common factor of 80 and g?
40
Let h(s) = -2*s**3 - 5*s**2 - s + 6. Let j be h(-5). Calculate the greatest common factor of 17 and j.
17
Suppose w - 7 = -0*w. What is the greatest common factor of 49 and w?
7
Let j(g) = -g**2 + 15*g - 26. Let s be j(9). Let b be 1/((-1)/(-70)) + 0. Calculate the highest common factor of b and s.
14
Suppose -2*g + 3*w = 0, 4*w + 0*w = -4*g + 20. Let a(p) = 2*p + 1. Let m be a(g). Let b be (-764)/(-36) - 4/18. What is the highest common divisor of b and m?
7
Let p(q) = -3*q - 2. Let b be p(-2). Let y(f) = -81*f - 2 + b - 2. Let z be y(-1). What is the highest common divisor of 9 and z?
9
Let w be (5/(-10))/((-1)/6). Suppose -2*a - l + 13 = -2*l, -w*l + 15 = 0. Calculate the greatest common factor of a and 27.
9
Suppose -m = 0, z = -z - 3*m + 1030. Suppose 5*s = 5*i - z, 4*i - 217 = -3*s + 160. Calculate the highest common factor of i and 14.
14
Let q be 2/4 - (-438)/4. Let b be 2/(-4) - (-21)/2. What is the greatest common divisor of q and b?
10
Suppose -f + 5*f - 119 = -5*w, 4*f = -16. Calculate the highest common factor of 3 and w.
3
Suppose -13*r + 2 = -12*r. Calculate the highest common factor of 1 and r.
1
Let g = 6 + -1. Suppose -3*r + g*r = 22. What is the highest common divisor of r and 1?
1
Suppose 4*d + q - 9 = 2*d, 5*q - 5 = -2*d. Calculate the greatest common factor of d and 65.
5
Suppose 5 = -3*r - 4. Let b(f) = 3*f**2 + 2*f - 3. Let c be b(r). Calculate the highest common divisor of c and 6.
6
Let u = 4 + -5. Let w(j) = 6*j**2 + j. Let b be w(u). Suppose 0 = 6*v - v, -b*o - 4*v + 65 = 0. What is the highest common divisor of 39 and o?
13
Let h(m) = m. Let u be h(4). Suppose -q = u + 2. Let b(i) = i**2 + 6*i + 2. Let z be b(q). Calculate the greatest common divisor of z and 5.
1
Let i be 4/(((-36)/21)/(-6)). Calculate the greatest common divisor of i and 98.
14
Let d = 15 - 13. Let x be (-2)/(-4) - (-5)/2. Suppose -d*s + x = -9. What is the highest common divisor of 36 and s?
6
Let p = -10 + 85. What is the greatest common divisor of p and 3?
3
Let y(i) = -i**3 + 9*i**2 + 12*i - 14. Let n be y(10). Calculate the highest common factor of n and 42.
6
Suppose -4*u = -5*x + 4*x + 14, 0 = -3*x - 3*u + 27. What is the highest common divisor of x and 1?
1
Let z be (0 - 6)/(-2) - -123. What is the highest common factor of z and 14?
14
Suppose 0*b - 4*b - 4 = 0. Let l be (1/(-2))/(b/36). What is the greatest common factor of 6 and l?
6
Suppose 0*l = -l + 56. Let y = l - 6. What is the highest common divisor of 10 and y?
10
Let d be (0 + -33)*(-21)/9. Let k be (10 - 4)/(2/3). Let j be -4*3/(-6) + k. Calculate the highest common divisor of j and d.
11
Let m(h) = h**2 + h - 4. Let c be m(-3). Let r(b) = -b**2 + 0 - b**c - b + 7*b**2 + 6. Let y be r(5). What is the highest common divisor of 14 and y?
14
Let b(n) = -n - 3. Let s be b(-5). Suppose k - 4 = -s*p - 3*p, -3*k + 2*p + 12 = 0. What is the greatest common factor of 44 and k?
4
Let v be (-22)/(-4) - (-2)/(-4). Suppose -3*q - 30 = -v*q. What is the highest common factor of 60 and q?
15
Let a = -31 - -39. Calculate the highest common factor of 56 and a.
8
Suppose -5*g = 627 - 2072. Let t = 101 + -246. Let j = g + t. Calculate the greatest common fac